, -2*v - 3*m - 34 = -7*m. List the prime factors of 6*(-5)/v*3.
2, 5
Let g be (-2 + (0 - -1))*-1. Let o be (0/3 - -2) + g. What are the prime factors of 2 + o/((-9)/(-66))?
2, 3
Let w(l) = -4 + l + 9*l**2 - 2*l - 2*l + 1. What are the prime factors of w(3)?
3, 23
Let l = 1251 + -936. List the prime factors of l.
3, 5, 7
What are the prime factors of (-4)/(-7) + 8 + (-417365)/(-91)?
5, 919
Suppose 2*w + 68 = -2*w. Let j = 13 + w. List the prime factors of (-145)/j - 4/16.
2, 3
Let y = -12091 + 16929. What are the prime factors of y?
2, 41, 59
What are the prime factors of 10/(-14) - (-2190888)/686?
31, 103
Let m(u) = u**2 + 2*u - 19. Let f be m(-6). Suppose -469 = -f*g - 2*o, 9*g - 4*g = 4*o + 487. What are the prime factors of g?
5, 19
Let f(s) be the second derivative of 1/2*s**3 - 1/2*s**2 + 2*s + 0. List the prime factors of f(4).
11
Let a = 3448 + -2067. What are the prime factors of a?
1381
Suppose -9*t + 14*t = 65. Suppose t + 21 = 2*x. List the prime factors of x.
17
Let z = 14 - 10. Suppose c + z = 4*o, 0*c + c + 4*o = -12. Let l(r) = r**3 + 8*r**2 + 7. List the prime factors of l(c).
7
Suppose 0 = 23*p + 22*p - 79425. What are the prime factors of p?
5, 353
Let x = 394 + -64. Suppose -5*u + 5*d = -x, -5*u + 168 = -d - 154. What are the prime factors of u?
2
Let w(v) = -v**2 + 11*v - 5. Let o(j) = -3*j**3. Let k be o(-1). Suppose -i = -2*r - 3*r + 15, k*r = 5*i - 13. List the prime factors of w(r).
23
Let i = 473 - 327. Suppose -2*q - 61 - 115 = 0. Let s = i + q. List the prime factors of s.
2, 29
Let k(c) = -4*c**3 - 4*c**2 - c. Let h(j) = 4*j**3 + 5*j**2 + j. Let s(t) = 5*h(t) + 6*k(t). Let v be s(2). List the prime factors of 1/(-3) - v/9.
3
Suppose -2*x = -4*l - 30, 5*x = -2*l + 5*l + 47. Let n be (-7 + 0)*(-12)/x. What are the prime factors of 2 + (n + 2 - -2)?
2, 3
Let v be 30/10*(-1)/(-3). Let a(p) = 7*p**2 + 4*p + v + p**3 + 6*p**2 - 2*p**2 - 2*p**2. What are the prime factors of a(-8)?
3, 11
Suppose 41*g - 36*g + 3*t - 5145 = 0, 3*t = -2*g + 2058. List the prime factors of g.
3, 7
Let c(l) = -88*l + 142. List the prime factors of c(-2).
2, 3, 53
Suppose h + 4*k = -h + 26, 0 = -3*h - 3*k + 24. Suppose 3 = r - h*o + 7, -3*o - 4 = -5*r. Suppose 20 = -5*l, -u - 7*l - 7 = -r*l. List the prime factors of u.
13
Let f(b) = -6*b**3 - 18*b**2 + 4*b + 21. List the prime factors of f(-8).
23, 83
Let t = 11 - 9. Suppose 2*y + t = 10. What are the prime factors of (-144)/(-40) - y/(-10)?
2
Suppose 4*o - 7*o = 4*h - 773, 5*o - h = 1250. What are the prime factors of o?
251
Suppose 0*s + 3*s - 35 = -w, 50 = 3*w - 2*s. List the prime factors of w.
2, 5
Suppose 3*u + u = 2*q, 5*u - 3*q = 0. Suppose -3*f + 4*i + 158 = u, -2*f + 5*i - 2*i + 106 = 0. Suppose -f = -3*a + 70. What are the prime factors of a?
2, 5
Let y(j) = -j**3 + 6*j**2 + 5*j - 3. Suppose 0 = 3*w - 6. Suppose w*x - 6 = 4. What are the prime factors of y(x)?
47
Let y(x) = -10*x + 52. Let g be y(-27). Suppose 30*z - g = 23*z. List the prime factors of z.
2, 23
Suppose -5*a = 6*q - 3*q - 1013, -4*q - a = -1379. Let x = 484 - q. List the prime factors of x.
2, 3, 23
Let v = 57 - 31. Let c be (-5)/10 - v/(-4). Suppose c*d = -d + 154. List the prime factors of d.
2, 11
Let p(c) = -c + 3. Let a be p(0). Let o be 3/a*1*1. Let k(x) = 28*x**3 + x**2 - 1. What are the prime factors of k(o)?
2, 7
What are the prime factors of (-3525)/(-50)*64/6?
2, 47
Let p = 61 - 34. Let k be ((-26)/(-39))/(4/(-66)). Let r = p + k. What are the prime factors of r?
2
Suppose -2*m + 4*m - 28 = 0. Let g = m - 9. Suppose -g*o + 2*z + 94 = -o, o = -2*z + 26. List the prime factors of o.
2, 3
List the prime factors of 3 - (2513 - -7)/(-4).
3, 211
Suppose 0 = 6*s - 684 + 48. Let u be 11 + -15 - s/(-2). List the prime factors of 1040/14 + (-14)/u.
2, 37
Suppose 42*x + 4670 = 2*b + 46*x, 4*x + 6965 = 3*b. What are the prime factors of b?
13, 179
Let n(r) = -4*r**2 + 8*r + 3. Let w be n(5). What are the prime factors of (38/w)/(2/(-213))?
71
Let b(f) = -14 + 15 + 0*f**3 - f**3 - f**2. Let j be b(-1). What are the prime factors of 32 - (2 - (4 + j))?
5, 7
Suppose 4*h + 3*t - 575 = 0, 3*t + 214 = -5*h + 935. List the prime factors of h.
2, 73
Suppose 0 = 8*n + 163 + 957. What are the prime factors of (-2)/(-7) - 10180/n?
73
Let j(w) = -2*w**3 + 2*w**2 + 5. What are the prime factors of j(-4)?
3, 5, 11
Suppose -100 = -5*b + 2*n + 2*n, 20 = b + 4*n. Let q = -24 + b. List the prime factors of 76*(-1)/(q/1).
19
Let c(k) = 2*k + 21. Let h(n) = n + 21. Let w(u) = 3*c(u) - 4*h(u). What are the prime factors of w(12)?
3
List the prime factors of (-1701)/(-3) - 1 - (-8 - -8).
2, 283
Suppose 2*b + 31 = 3*u, 0 = -5*u - 0*u - b + 56. Let k be 2/(-4)*(-66)/u. Suppose 5*j - k*m - 26 = 184, 2*j + m - 95 = 0. What are the prime factors of j?
3, 5
Suppose -12*p + 22742 = -18946. List the prime factors of p.
2, 3, 193
Let p = -272 + 1003. List the prime factors of p.
17, 43
Let t(s) = 2*s**2 - 27*s - 80. Let x(r) = -r**2 + 13*r + 40. Let d(n) = 6*t(n) + 11*x(n). List the prime factors of d(22).
2, 13
Suppose 10466 = 4*k + 3566. List the prime factors of k.
3, 5, 23
Let g = -342 - -871. List the prime factors of g.
23
Let k = -6 + 5. Let p be 0 - (k - 1) - 91. Let y = -60 - p. List the prime factors of y.
29
Suppose 8*m = -10*m + 13644. What are the prime factors of m?
2, 379
Let p(u) = u**2 + 10*u. Let c be p(-12). Let j = 26 - c. Suppose -6 + 25 = b + j*y, 0 = 3*b + 5*y - 57. What are the prime factors of b?
19
Let t(u) = 2*u + 12. Let b be t(-6). Suppose b*p = 4*p - 136. What are the prime factors of p?
2, 17
Let g(j) = -7*j**3 + j**2 - 4*j - 36. List the prime factors of g(-4).
2, 3, 37
Let d(t) be the first derivative of -21*t**2 + 13. What are the prime factors of d(-2)?
2, 3, 7
Let m be (-2)/(-5) - (-548)/5. Suppose 2*i - 3*q = -5*q + m, q = -2*i + 108. List the prime factors of i.
53
Let d = -11 + 14. Suppose -6 = -4*p - 0*g + 5*g, -3*g + 18 = d*p. Suppose -3*j - x - 28 = -p*j, -2*x = -j + 33. List the prime factors of j.
23
Suppose -u - 2*j - 808 = -3105, -6911 = -3*u + 4*j. List the prime factors of u.
3, 13, 59
Let i(s) = s**2 + 5*s - 8. Let z be i(-6). Let h be (1/z)/(2/(-4)). Suppose -5*n - 5*m = -85, 2*m - 5 + h = 0. What are the prime factors of n?
3, 5
Suppose 2529 = 18*s + 477. What are the prime factors of s?
2, 3, 19
List the prime factors of 10/((-1)/1 - (-18462)/18394).
5, 541
Let d be 22/7 - 8/56. Let p be d + 35 - (-2 - -6). Suppose p = 4*z - 3*z. List the prime factors of z.
2, 17
What are the prime factors of (29 - 3)/(-12 - 23152/(-1928))?
13, 241
Suppose 0 = -p - 5*q + 543, 0 = 3*p - 0*p + 3*q - 1593. Let f be (p/4)/3 + 1. Suppose 2*c - f = 15. List the prime factors of c.
2, 3, 5
Let t be (-2)/(-12) + (-183)/18. List the prime factors of 166 - 10*5/t.
3, 19
Let j(f) = -f**2 + 9*f - 2. Let t be j(8). Suppose 0 = -t*d + 20 + 4. Suppose d*c = 59 + 21. List the prime factors of c.
2, 5
Let s(k) = 5*k**3 + 21*k**2 + 35*k - 41. Let i(t) = -2*t**3 - 7*t**2 - 12*t + 14. Let a(w) = 8*i(w) + 3*s(w). What are the prime factors of a(7)?
2, 13
Let c(q) = q**3 - 4*q**2 + 6*q - 7. Let k be (72/(-60))/((-2)/10). What are the prime factors of c(k)?
101
Let f = -693 + 1316. What are the prime factors of f?
7, 89
Let s = 34 - 31. Suppose -s*b + 121 - 40 = 0. What are the prime factors of b?
3
Let k(t) = -t + 9. Let r be k(5). Suppose -r*v - 5*q + 8 = -28, 0 = -3*v + q + 8. Suppose -v*c + 2*c + 42 = 0. List the prime factors of c.
3, 7
Let o(s) = -2*s - 11. Let p be o(-8). Suppose -108 = 4*w - p*m, -m + 67 = -4*w - 57. What are the prime factors of w/(-1) - (-5 + 7)?
2, 3, 5
Suppose 0 = 2*x, 0 = h - 2*x + 56 - 266. Suppose -3*z + 350 = 4*t + t, 3*t = -z + h. What are the prime factors of t?
2, 5, 7
Suppose 2*i + x - 498 = 0, -26*x + 30*x = 0. List the prime factors of i.
3, 83
Let r(d) = 15*d + 1. Let j(z) = z**3 - z**2 + z + 4. Let p be j(0). Suppose 16*y = 14*y + p. What are the prime factors of r(y)?
31
Suppose 0 = m + 3*h - 19, 3*m = 2*m - h + 23. Let z = 27 - m. Suppose 2 = -4*y - z*x, 4*y + 4*x - 3 = 3*x. List the prime factors of y.
2
Suppose -13*t - 10 = -18*t. Let z(w) = -2*w**t + 6 - 14 - 8*w + w**2. List the prime factors of z(-5).
7
List the prime factors of (1545/(-20))/((-10)/160).
2, 3, 103
Suppose -3*x + 521 =